{"id":107,"date":"2017-11-11T23:58:57","date_gmt":"2017-11-11T23:58:57","guid":{"rendered":"http:\/\/maritzaldelar.com\/comunic-arte\/?page_id=107"},"modified":"2017-11-11T23:58:57","modified_gmt":"2017-11-11T23:58:57","slug":"jesus-martin-barbero","status":"publish","type":"page","link":"http:\/\/maritzaldelar.com\/comunic-arte\/jesus-martin-barbero\/","title":{"rendered":"Formaci\u00f3n est\u00e9tica y educaci\u00f3n art\u00edstica"},"content":{"rendered":"<p>Texto dummie. Texto real en page-%slug%.php.<\/p>\n","protected":false},"excerpt":{"rendered":"<p>Texto dummie. Texto real en page-%slug%.php.<\/p>\n","protected":false},"author":1,"featured_media":0,"parent":0,"menu_order":0,"comment_status":"closed","ping_status":"closed","template":"","meta":{"footnotes":""},"yoast_head":"<!-- This site is optimized with the Yoast SEO plugin v22.3 - https:\/\/yoast.com\/wordpress\/plugins\/seo\/ -->\n<title>Formaci\u00f3n est\u00e9tica y educaci\u00f3n art\u00edstica - Comunic-ARTE<\/title>\n<meta name=\"robots\" content=\"index, follow, max-snippet:-1, max-image-preview:large, max-video-preview:-1\" \/>\n<link rel=\"canonical\" href=\"http:\/\/maritzaldelar.com\/comunic-arte\/jesus-martin-barbero\/\" \/>\n<meta property=\"og:locale\" content=\"es_ES\" \/>\n<meta property=\"og:type\" content=\"article\" \/>\n<meta property=\"og:title\" content=\"Formaci\u00f3n est\u00e9tica y educaci\u00f3n art\u00edstica - Comunic-ARTE\" \/>\n<meta property=\"og:description\" content=\"Texto dummie. Texto real en page-%slug%.php.\" \/>\n<meta property=\"og:url\" content=\"http:\/\/maritzaldelar.com\/comunic-arte\/jesus-martin-barbero\/\" \/>\n<meta property=\"og:site_name\" content=\"Comunic-ARTE\" \/>\n<meta name=\"twitter:card\" content=\"summary_large_image\" \/>\n<script type=\"application\/ld+json\" class=\"yoast-schema-graph\">{\"@context\":\"https:\/\/schema.org\",\"@graph\":[{\"@type\":\"WebPage\",\"@id\":\"http:\/\/maritzaldelar.com\/comunic-arte\/jesus-martin-barbero\/\",\"url\":\"http:\/\/maritzaldelar.com\/comunic-arte\/jesus-martin-barbero\/\",\"name\":\"Formaci\u00f3n est\u00e9tica y educaci\u00f3n art\u00edstica - Comunic-ARTE\",\"isPartOf\":{\"@id\":\"http:\/\/maritzaldelar.com\/comunic-arte\/#website\"},\"datePublished\":\"2017-11-11T23:58:57+00:00\",\"dateModified\":\"2017-11-11T23:58:57+00:00\",\"breadcrumb\":{\"@id\":\"http:\/\/maritzaldelar.com\/comunic-arte\/jesus-martin-barbero\/#breadcrumb\"},\"inLanguage\":\"es-AR\",\"potentialAction\":[{\"@type\":\"ReadAction\",\"target\":[\"http:\/\/maritzaldelar.com\/comunic-arte\/jesus-martin-barbero\/\"]}]},{\"@type\":\"BreadcrumbList\",\"@id\":\"http:\/\/maritzaldelar.com\/comunic-arte\/jesus-martin-barbero\/#breadcrumb\",\"itemListElement\":[{\"@type\":\"ListItem\",\"position\":1,\"name\":\"Home\",\"item\":\"http:\/\/maritzaldelar.com\/comunic-arte\/\"},{\"@type\":\"ListItem\",\"position\":2,\"name\":\"Formaci\u00f3n est\u00e9tica y educaci\u00f3n art\u00edstica\"}]},{\"@type\":\"WebSite\",\"@id\":\"http:\/\/maritzaldelar.com\/comunic-arte\/#website\",\"url\":\"http:\/\/maritzaldelar.com\/comunic-arte\/\",\"name\":\"Comunic-ARTE\",\"description\":\"Universidad del Valle\",\"potentialAction\":[{\"@type\":\"SearchAction\",\"target\":{\"@type\":\"EntryPoint\",\"urlTemplate\":\"http:\/\/maritzaldelar.com\/comunic-arte\/?s={search_term_string}\"},\"query-input\":\"required name=search_term_string\"}],\"inLanguage\":\"es-AR\"}]}<\/script>\n<!-- \/ Yoast SEO plugin. -->","yoast_head_json":{"title":"Formaci\u00f3n est\u00e9tica y educaci\u00f3n art\u00edstica - Comunic-ARTE","robots":{"index":"index","follow":"follow","max-snippet":"max-snippet:-1","max-image-preview":"max-image-preview:large","max-video-preview":"max-video-preview:-1"},"canonical":"http:\/\/maritzaldelar.com\/comunic-arte\/jesus-martin-barbero\/","og_locale":"es_ES","og_type":"article","og_title":"Formaci\u00f3n est\u00e9tica y educaci\u00f3n art\u00edstica - Comunic-ARTE","og_description":"Texto dummie. Texto real en page-%slug%.php.","og_url":"http:\/\/maritzaldelar.com\/comunic-arte\/jesus-martin-barbero\/","og_site_name":"Comunic-ARTE","twitter_card":"summary_large_image","schema":{"@context":"https:\/\/schema.org","@graph":[{"@type":"WebPage","@id":"http:\/\/maritzaldelar.com\/comunic-arte\/jesus-martin-barbero\/","url":"http:\/\/maritzaldelar.com\/comunic-arte\/jesus-martin-barbero\/","name":"Formaci\u00f3n est\u00e9tica y educaci\u00f3n art\u00edstica - Comunic-ARTE","isPartOf":{"@id":"http:\/\/maritzaldelar.com\/comunic-arte\/#website"},"datePublished":"2017-11-11T23:58:57+00:00","dateModified":"2017-11-11T23:58:57+00:00","breadcrumb":{"@id":"http:\/\/maritzaldelar.com\/comunic-arte\/jesus-martin-barbero\/#breadcrumb"},"inLanguage":"es-AR","potentialAction":[{"@type":"ReadAction","target":["http:\/\/maritzaldelar.com\/comunic-arte\/jesus-martin-barbero\/"]}]},{"@type":"BreadcrumbList","@id":"http:\/\/maritzaldelar.com\/comunic-arte\/jesus-martin-barbero\/#breadcrumb","itemListElement":[{"@type":"ListItem","position":1,"name":"Home","item":"http:\/\/maritzaldelar.com\/comunic-arte\/"},{"@type":"ListItem","position":2,"name":"Formaci\u00f3n est\u00e9tica y educaci\u00f3n art\u00edstica"}]},{"@type":"WebSite","@id":"http:\/\/maritzaldelar.com\/comunic-arte\/#website","url":"http:\/\/maritzaldelar.com\/comunic-arte\/","name":"Comunic-ARTE","description":"Universidad del Valle","potentialAction":[{"@type":"SearchAction","target":{"@type":"EntryPoint","urlTemplate":"http:\/\/maritzaldelar.com\/comunic-arte\/?s={search_term_string}"},"query-input":"required name=search_term_string"}],"inLanguage":"es-AR"}]}},"_links":{"self":[{"href":"http:\/\/maritzaldelar.com\/comunic-arte\/wp-json\/wp\/v2\/pages\/107"}],"collection":[{"href":"http:\/\/maritzaldelar.com\/comunic-arte\/wp-json\/wp\/v2\/pages"}],"about":[{"href":"http:\/\/maritzaldelar.com\/comunic-arte\/wp-json\/wp\/v2\/types\/page"}],"author":[{"embeddable":true,"href":"http:\/\/maritzaldelar.com\/comunic-arte\/wp-json\/wp\/v2\/users\/1"}],"replies":[{"embeddable":true,"href":"http:\/\/maritzaldelar.com\/comunic-arte\/wp-json\/wp\/v2\/comments?post=107"}],"version-history":[{"count":1,"href":"http:\/\/maritzaldelar.com\/comunic-arte\/wp-json\/wp\/v2\/pages\/107\/revisions"}],"predecessor-version":[{"id":108,"href":"http:\/\/maritzaldelar.com\/comunic-arte\/wp-json\/wp\/v2\/pages\/107\/revisions\/108"}],"wp:attachment":[{"href":"http:\/\/maritzaldelar.com\/comunic-arte\/wp-json\/wp\/v2\/media?parent=107"}],"curies":[{"name":"wp","href":"https:\/\/api.w.org\/{rel}","templated":true}]}}